 tens digit of n(t)?
5
Let y(i) be the third derivative of i**6/24 + i**4/3 - 5*i**3/6 - 47*i**2. What is the hundreds digit of y(5)?
6
Let l = 42174 - 24159. What is the tens digit of l?
1
Suppose 37*o - 1120 = 17*o. Let n = o - 30. What is the units digit of n?
6
Suppose 5*m = 1096 - 46. Suppose 7*q - m = 2*q. What is the units digit of (-4)/(-14) - (-1836)/q?
4
Let b = -3371 + 10034. What is the tens digit of b?
6
Suppose -45*q + 48*q = 165. Suppose -q = -5*z + 10. What is the tens digit of 5/1*(2 + 2 + z)?
8
Let u be (-60)/(-25)*(14/6 - -1). Let j = u - 5. Suppose 2*q + 101 = 3*z, 96 = 3*z - j*q - 0. What is the units digit of z?
7
Suppose 2*t - 4*t = 4*g + 4, 5*g + t = -5. Let l(u) be the third derivative of -u**6/6 + u**5/60 + u**4/24 - 30*u**2. What is the units digit of l(g)?
0
Let q = 12010 + -3053. What is the thousands digit of q?
8
Let t(u) = -83*u**3 + 25*u**2 + 24*u + 100. What is the units digit of t(-7)?
6
Let c = -389 - -359. Let n = c + 81. What is the units digit of n?
1
Let s(w) = w**3 - 47*w**2 - 41*w - 676. What is the thousands digit of s(49)?
2
What is the tens digit of (-210)/(-945) + 1906/9?
1
Suppose -2*h + 4*c = -4254, h - 2109 = 2*c - 6*c. Suppose 1482 = 5*s - 5*d - 1188, -h = -4*s + d. What is the hundreds digit of s?
5
Suppose 29*z - 2439 = 20*z. Let q = 48 + -224. Let x = q + z. What is the units digit of x?
5
Let c(d) = 2*d**2 - 34*d + 128. Let p be c(11). What is the tens digit of 80/p*5796/(-90)?
8
Let m(g) = 14 + 11 + 0*g - 5 - 4*g. Let w be m(6). What is the hundreds digit of (1 - -141) + 3 + w?
1
Let q(x) = -4*x - 24. Let m be q(-7). Suppose 0 = m*i - p - 303, 3*i + 78 = 4*i - p. Suppose 0 = -5*k + i + 700. What is the units digit of k?
5
Let t(z) = z**3 - 15*z**2 + 9*z + 74. Let g be t(14). Let l(o) = 505*o + 20. What is the units digit of l(g)?
0
Let i = 432 + -221. Suppose i*s - 210*s = 472. What is the hundreds digit of s?
4
What is the tens digit of (-1 - 10) + (0 - -5) + 12 - -13383?
8
Suppose 0 = 3*p - 100 + 37. Suppose 11096 = p*c - 2*c. What is the units digit of c?
4
Suppose 0 = -3*i - 4*i + 56. What is the hundreds digit of (-6*2/i)/(66/(-6424))?
1
Suppose 0 = 5*y - q - 2900, -3*y - 3*q + 2*q = -1748. Suppose -y = -2*t - 3*k, -t - 8*k + 293 = -9*k. What is the hundreds digit of t?
2
Suppose 11*q + 2912 - 16739 = 0. What is the thousands digit of q?
1
Let s = 3640 + -1126. Let f = s - 1489. What is the thousands digit of f?
1
Let o(l) = -52*l + 1. Let j be 8*(57/12 + -3). Suppose -w + j = -4*u, -3*w + 4*u + 14 = -u. What is the tens digit of o(w)?
0
Suppose -2*c - 237 + 1667 = 0. Let p = 94 + -91. Suppose 0 = 3*z - 2*v + p*v - c, 5*v = 5. What is the units digit of z?
8
Suppose -28*y = 3994 + 9502. What is the tens digit of (1*y)/(-5 + 12/3)?
8
Suppose 0 = 2*r + 6, 22149 = 3*d + 5*r + 492. What is the thousands digit of d?
7
Suppose -l = 4*i - 44035, 9*i - 4*i = l + 55046. What is the thousands digit of i?
1
Let t = -668 + 717. Suppose -25 = -5*j, -2*b - 3*j - t + 2008 = 0. What is the hundreds digit of b?
9
Let d be 1 + (1 - 4/1). Suppose -43*r + 15*r = -3528. What is the hundreds digit of (r - d) + (7 - 8)?
1
Let f = -1728 - -1193. Let x = -13 - f. What is the units digit of x?
2
Let d = 381 - 67. Suppose 0 = 6*k + d - 1832. What is the tens digit of k?
5
Suppose 0 = -6*s + 395 - 2225. Let f = 852 + s. What is the hundreds digit of f?
5
What is the thousands digit of ((-26)/(-195) - (-39)/45) + 12690?
2
Let b = 46 + -41. Suppose -50 = b*k - 250. What is the units digit of ((-336)/(-20))/((-2)/(k/(-3)))?
2
Suppose 0 = -4*j - b + 26808, -65*b + 6683 = j - 60*b. What is the thousands digit of j?
6
Let h(w) be the third derivative of 13*w**5/60 - w**4/24 + 12*w**2. Let v be h(1). Let s(c) = -c**3 + 14*c**2 - 18*c + 13. What is the tens digit of s(v)?
8
Suppose -400*j = -185*j - 186*j - 2292131. What is the ten thousands digit of j?
7
Suppose 48494 = 5*f + 7*a - 5*a, 4*f - 38812 = 4*a. What is the tens digit of f?
0
Let x(j) = 266*j - 7154. What is the hundreds digit of x(38)?
9
Let u(r) = -3*r - r - 15*r - 46 - 17. Let n be u(-23). Suppose -4*s = -n - 482. What is the tens digit of s?
1
Let i(c) = -321*c**3 + 13*c**2 - 18*c - 150. What is the thousands digit of i(-5)?
0
Let a = -25 - -27. Let j be (a - 16)/((-4)/10). Suppose 2*o - 5*q = j, 4*q = o - q - 10. What is the units digit of o?
5
Suppose 222*f - 193*f = 377841. What is the tens digit of f?
2
Let y = 8662 - 4839. What is the thousands digit of y?
3
Let j(p) = 2*p + 1. Let v(z) = -43*z - 144. Let y(o) = -5*j(o) + v(o). What is the units digit of y(-7)?
2
Suppose 3*q - q + 96 = 0. Suppose -4*z - 28*z = 96. What is the units digit of 32/q + (-209)/z?
9
Let p(l) be the second derivative of -35*l**3/3 - 3*l**2 - l. Suppose 8*v = 13*v + 10. What is the units digit of p(v)?
4
Suppose 2*p - 36 = -4*k + 66, -36 = -k + 3*p. Suppose -7*z - 29 = k. What is the units digit of ((-4)/z)/(3/420)?
0
Let s(y) = -45*y + 3418. What is the units digit of s(59)?
3
Let y = -5614 + 8059. Suppose 5*d - 1437 = -5*p + 1048, 3*d + y = 5*p. What is the tens digit of p?
9
Let z = -35865 - -74295. What is the hundreds digit of z?
4
Let i(m) = m**2 + 4*m + 2. Let w be i(0). Let r be w/2 - 5*30/25. What is the hundreds digit of (-6 - r)/(1 + (-412)/410)?
2
What is the units digit of (1/(-3))/(((-4)/68292)/((-1)/(-3)))?
7
Suppose 0*q + q + 2 = 0, -a = -q - 13. Suppose -31 - a = 7*t. What is the tens digit of ((-243)/6)/(3/t)?
8
Suppose -43*x + 585 = -30*x. What is the hundreds digit of 281*((-6)/9)/((-10)/x)?
8
Let r = 50 + -163. Let f = r - -259. Suppose -4*p + f = h, -56 = -h - p + 75. What is the tens digit of h?
2
Suppose -2*a - 5*c + 4*c - 51 = 0, 4*c + 54 = -2*a. Let y = a - -29. Suppose -3*j - y + 313 = 0. What is the tens digit of j?
0
Suppose -5*k - 522040 = -92*k - 37*k. What is the tens digit of k?
1
Let i = -2785 + 7038. What is the thousands digit of i?
4
Let z(g) = 2*g**2 - g + 231. Let a(d) = 3*d - 60. Let o = -94 + 114. Let p be a(o). What is the tens digit of z(p)?
3
Let g(u) = u**2 - 19*u - 61. Let x be g(-14). What is the units digit of x - (1 + (-10 - -4))?
6
Let f(w) = -w**3 + 7*w**2 + 3*w - 13. Let s be f(7). Suppose -6 + 12 = 2*x. Suppose -175 = x*u - s*u. What is the tens digit of u?
3
Let i(u) = 4*u + 6. Let a be i(5). Suppose -21*m - 21*m = 546. What is the tens digit of 1/(4/(-158)*m/a)?
7
What is the hundreds digit of (-322 + -4525)/(((-1)/6)/(2/3))?
3
Suppose 5*v - 3*w + 11 = 10*v, 5*w + 19 = v. Suppose -r + 3*u - 26 = 0, v*r - u + 114 = u. Let n = 52 + r. What is the units digit of n?
3
Suppose 179 = w - 3*w - 5*s, 5*w + 400 = -3*s. Let n = w - -17. Let f = n - -119. What is the tens digit of f?
5
Let r(c) = c**2 - 3*c - 6. Let t be r(7). Suppose -3*h - t = 5*s, 2*h = -0*s + 2*s - 4. Let f(x) = x**3 + 5*x**2 - 3*x - 6. What is the tens digit of f(h)?
2
Let l(v) = 33*v - 41. Let f be l(1). Suppose -c - 27 + 3 = 0. What is the tens digit of c/f*(2 - -45)?
4
Suppose -35*j + 893275 = 33*j + 20291. What is the units digit of j?
8
Suppose -6*l = -55 - 89. What is the tens digit of (-425 + 4)/(-3 + l/9)?
6
Let i be (-2)/(-18)*-2 + 76/18. Let t be (2/i)/((-2)/(-21048)). What is the tens digit of (-2)/12 - t/(-36)?
4
Let c(m) = 52*m - 98. Suppose -l - 2*q = -24, -3*l - q + 32 = -25. What is the tens digit of c(l)?
3
Suppose -17 - 11 = -14*u. Suppose -d - u*g = -414, -5*d + 2*g + g + 2122 = 0. What is the hundreds digit of d?
4
Let y be (5 - 6)/((-4)/60) + 3. Let g = -19 + y. What is the tens digit of (-8)/g*-51*(-6)/9?
7
Let g(r) = r**2 - r + 8. Let b be ((-15)/20)/((-6)/16) + -6. What is the tens digit of g(b)?
2
What is the units digit of 90073/10 - ((-708)/40 - -18)?
7
Let m = -80 + 84. Let j(d) = -2*d + 10. Let b be j(m). Suppose -n = 3*w - 48, b*n + 0*w = -w + 106. What is the tens digit of n?
5
Let m be -2*(-3)/2*-9. Let p be ((-67)/3)/(9/m). Suppose 577 = 7*b - p. What is the tens digit of b?
9
Let h = -2 + 6. Suppose 12 = h*i - 8. Suppose 0 = -i*q + 2*z + 445, -z + 0*z = -q + 89. What is the tens digit of q?
8
Let h be 2/(-1) - 125/5*-16. Let x = 691 - h. What is the units digit of x?
3
Let m = -1773 + 15202. What is the units digit of m?
9
Let q = 83279 - 51796. What is the hundreds digit of q?
4
What is the thousands digit of (-48)/9*(13 